 o.
2, 3, 23
Suppose -21*w = -16*w + 3*u - 19535, w = -3*u + 3919. List the prime factors of w.
2, 61
Let q(z) = -25*z + 44. Let b be q(-10). Suppose -3*n + b = 3*g, -n = -3*n + 3*g + 171. What are the prime factors of n?
3, 31
Let y(w) = w**2 + 13*w - 107. Let m be y(7). Suppose -m*z - 4767 = -40*z. What are the prime factors of z?
3, 227
What are the prime factors of (-24785656)/(-952) - 6/17?
5, 41, 127
Let o = -150 - -75. Suppose 17 = -4*n + 5*w, -28*w + 31*w = -n. What are the prime factors of n/(-1)*(-1825)/o?
73
Suppose -3*h - s = -9, 4 = 4*h + 2*s + 2*s. Suppose -h*r + 0*r = -12. Suppose r*z - 356 = -z. What are the prime factors of z?
89
Suppose 0*g - g = -3*n - 965, -2*g = 2. Let w = n + 943. What are the prime factors of w?
3, 23
Let g(c) = 323*c + 4253. What are the prime factors of g(26)?
3, 4217
Let g be (-4)/24 + 38/12. Suppose -g*p - 2*z + 106 = 0, -2*p - 5*z = -44 - 34. Let j = p - -69. What are the prime factors of j?
103
Let g(x) = 2*x**2 - 7*x - 1. Let n be g(4). Suppose 63 = h + n*u - 63, 3*h + u - 394 = 0. What are the prime factors of h?
2, 3, 11
Suppose 0 = -4*f - 0*k + 4*k - 68, -3*k = f + 21. Let p be (-1)/((-5)/20) - f/(-1). Let m(y) = -y**3 - 13*y**2 - 6*y - 2. What are the prime factors of m(p)?
2, 139
Let i(m) = 2430*m - 3077. List the prime factors of i(8).
16363
Suppose 4*n = 6*n + l - 217, 0 = -n - 2*l + 110. Suppose i - n = 356. List the prime factors of i.
2, 29
Let a(b) be the third derivative of b**6/120 - 2*b**5/5 + 25*b**4/12 + 28*b**3/3 + 38*b**2. What are the prime factors of a(23)?
677
Let b(f) = -4*f**3 + 3*f**2 + 6*f - 1. Let o be b(4). Suppose -3*s - 5*t + 1135 = 0, 4*t - t + 744 = 2*s. Let y = s + o. What are the prime factors of y?
2, 5, 19
Let v = -17824 + 19610. List the prime factors of v.
2, 19, 47
Let i(s) = -5*s**2 + 30*s + 3. Let b(n) = -14*n**2 + 89*n + 7. Let t(m) = -6*b(m) + 17*i(m). List the prime factors of t(-16).
137
Let y = -3285 + 13059. What are the prime factors of y?
2, 3, 181
Let f = -2 - -2. Let n(m) = m**3 - 7*m**2 + 7*m + 91. Let k(v) = -v**3 + 8*v**2 - 8*v - 90. Let l(h) = 6*k(h) + 7*n(h). List the prime factors of l(f).
97
Let b = 559 - 487. Let m(k) = -5*k**3 - k**2 - 2*k - 1. Let w be m(-1). Suppose b = w*h + 7. What are the prime factors of h?
13
Let j = -271 + 277. Suppose -3*b = -j, 3*l - 10*b = -5*b + 5255. List the prime factors of l.
3, 5, 13
Let g be 14*8163/90 + 3/15. Let c = g + -208. What are the prime factors of c?
2, 3, 59
Suppose 149717 = 41*m - 68813. List the prime factors of m.
2, 5, 13, 41
Suppose 0 = -5*c + 4*b + 3458, 0 = 2*c + b + 3*b - 1372. Let m = -358 + c. List the prime factors of m.
2, 83
Suppose 2*k = 4*b + k - 846, -4*b - 3*k + 854 = 0. Suppose -23*h = -19*h - b. List the prime factors of h.
53
Suppose 0 = -k + 2*l + 11059 + 1739, 25 = -5*l. What are the prime factors of k?
2, 23, 139
Suppose 29*b = 221889 + 78841. What are the prime factors of b?
2, 5, 17, 61
Suppose -1398 = -7*h + 849. Suppose 475 = 3*m + 5*x, -12*m + x = -10*m - h. List the prime factors of m.
2, 5
Let g = 189 + -63. Suppose -127*j = -g*j - 197. What are the prime factors of j?
197
Let s be ((-2)/(-5))/(10/(-400)). List the prime factors of 319 - ((-2)/16 - 18/s).
2, 3, 53
Suppose -21*s - 222 = -54. What are the prime factors of 62/((-2)/s*2)?
2, 31
Let b be 7 - (0 + 0)/2. Let x(z) be the third derivative of z**5/60 + 17*z**3/6 + 118*z**2 + 1. List the prime factors of x(b).
2, 3, 11
Let w(d) = 3012*d**3 - 3*d**2 + 27*d - 47. What are the prime factors of w(2)?
24091
Let f(y) = 20530*y - 684. List the prime factors of f(2).
2, 7, 103
Let j = 19753 + -18870. What are the prime factors of j?
883
Let d = -31 - -28. Let v be (-6)/(-3) - (1 + d). Suppose 4*u - 44 = 4*s, -3*u - v*s + 7 = -12. List the prime factors of u.
3
Let o(v) = -92*v + 28. Let j be o(-4). Let i = -101 + j. What are the prime factors of i?
5, 59
Suppose z = p - 12, -2 = 3*p + 5*z - 14. List the prime factors of 19416/60 - (p/(-15))/(-1).
17, 19
Suppose -5*g + 0*g - 1138 = -4*i, 2*i = -2*g + 560. What are the prime factors of 205249/i + 2*(-1)/(-12)?
2, 7, 13
Let p(o) = 4*o**2 - 19*o + 20. Suppose 7*k - 49 = -21. Suppose f - 36 = -k*q, -3*q + 2 = -2*q + 2*f. List the prime factors of p(q).
2, 5, 23
Let o = 2214 - -11893. List the prime factors of o.
14107
Let n = -57 + 57. Suppose n*f = -4*f + 20. Suppose -f*m + 3*c + 620 = 0, 2*c - 464 = -3*m - 111. List the prime factors of m.
11
What are the prime factors of 2 + 3 + (-1)/(292278/(-73068) - -4)?
3, 31, 131
Let d(s) = s**2 + 9*s + 4. Let l be d(-9). Suppose b - l*v = 4*b - 281, -5*b = 2*v - 473. Suppose -4*f + 21 = -b. What are the prime factors of f?
29
Suppose 22*n + u = 25*n - 16, -5*n = -4*u - 29. Suppose 5*i - 4*l - 7548 = 0, 4*l = -0*i - n*i + 7572. List the prime factors of i.
2, 3, 7
List the prime factors of 100/250*(-2060)/(-2).
2, 103
Suppose 262*k - 269*k + 14 = 0. Suppose 5*u - 1731 = 22*p - 24*p, -k*p = 2*u - 1740. What are the prime factors of p?
3, 97
Suppose 22*p - 13*p = 24579. What are the prime factors of p?
2731
Suppose -563*m + 52138 = -581*m + 306802. What are the prime factors of m?
2, 3, 131
Let c = -46305 + 78701. List the prime factors of c.
2, 7, 13, 89
Suppose -2*m + 5 = 11. List the prime factors of 25 + (-12)/18*(m + 6).
23
Suppose -3*n + 4*i + 388 = -0*n, 5*n + 3*i - 637 = 0. Let p = n - -101. What are the prime factors of p?
229
Let w(p) = p**3 + 36*p**2 + 28*p - 435. List the prime factors of w(28).
5, 43, 47
Suppose 2*g + 30 = -3*p - 21, 2*g - 4*p + 30 = 0. What are the prime factors of (-14430)/g + (-2)/(-42)*-3?
3, 229
What are the prime factors of 750 - (19 - (16 + -10))?
11, 67
Let d = -18 - -21. Let z be -1*1*1/d*-9. Suppose -5*n + z*w + 2*w = -25, 0 = 5*w + 10. List the prime factors of n.
3
Let z(y) = y**2 + 9*y + 6. Let q be z(-9). Suppose -12*x = -q*x - 192. Let w = -27 + x. List the prime factors of w.
5
Suppose 0 = -5*q + 3*v + 191, -11 - 204 = -5*q - 5*v. Let g = q + -32. What are the prime factors of ((-147)/(-12) + -3)*(g + -4)?
37
Let p(t) = 102*t - 14. Let h be p(2). Let a = h - 111. What are the prime factors of a*22/10 - (-2)/10?
2, 3, 29
Let i = -174 - -144. List the prime factors of (-24 - i)*(-15)/(-2).
3, 5
Suppose -56 = r - 65. Suppose 0 = -3*a - 2*k - r, k + 15 = 2*a - 7*a. Let o = a - -14. List the prime factors of o.
11
Let l be (-1)/((-1*2)/(-6)). Let j(o) = o**3 - 6*o**2 + 10*o - 43. Let y be j(6). Let t = l + y. What are the prime factors of t?
2, 7
Suppose 86*w = 258 + 172. Suppose 5*x - 246 = 549. Let g = x + w. List the prime factors of g.
2, 41
Suppose 3*a - 3*w + 7*w = 596, 3*w - 399 = -2*a. Let g = -529 + a. Let j = g + 555. What are the prime factors of j?
2, 109
Let b be 8/(-15)*-3 - (-28)/70. Suppose 4*p = -0*y + 3*y + 94, b*y + 96 = 4*p. Let v = 40 - p. What are the prime factors of v?
3, 5
Suppose 5*i + y = -y + 23, 13 = 3*i + y. List the prime factors of -6 - 1448/(-12)*i.
2, 89
Suppose -5*a + a + 5*u = -36832, -3*u = -2*a + 18418. List the prime factors of a.
9203
Suppose 8*g = -14 + 62. Suppose -2*p - 2649 = -5*a, 11*a - 5*p - 2655 = g*a. List the prime factors of a.
23
Let q be (-3)/18 + (399/(-18))/(-7). List the prime factors of 1906/q + 50/30.
7, 13
Let g = -112 - -17. Suppose -4*k = -3*j + 99, 57*k = 55*k - 4*j - 22. Let x = k - g. What are the prime factors of x?
2, 37
Suppose 8 = -3*n + 7*n. Suppose -4*j = -n*j - 358. Let r = j + -80. What are the prime factors of r?
3, 11
Let r = -10053 + 28592. List the prime factors of r.
18539
Let u = 321 + 249. Suppose 0 = 41*q - 35*q - u. What are the prime factors of q?
5, 19
Let q(n) = -122*n - 53. Let j(r) = -123*r - 54. Let p(w) = -5*j(w) + 6*q(w). What are the prime factors of p(-4)?
2, 3, 5, 7
What are the prime factors of ((-201)/(-268))/(2/(-8)) + 1*48563?
2, 5, 607
Let w(n) = 2*n + 13. Let p be w(-6). Let q be p*(-1 + (2 - -1)). What are the prime factors of (q + -4 - -3) + 5?
2, 3
Suppose 3*i + i - 16 = -3*t, -4*i = -2*t - 16. Suppose 2*o + 4 = 0, 4*b + 4*o = -o + 90. What are the prime factors of t - -223 - b/5?
2, 109
Let q(c) = -18*c**3 + 4*c**2 - 3. Let n be q(-3). Suppose -s - 4*b = -n, -5*b = 4*s + 999 - 3097. Suppose -197 - s = -4*u. List the prime factors of u.
181
Let i be 4 + ((-10)/(-15))/(3/351). Suppose 0*b 